te the greatest common factor of 135 and 2619.
27
What is the greatest common divisor of 209 and 665?
19
Calculate the greatest common divisor of 33156 and 108.
108
Calculate the highest common divisor of 319 and 44.
11
What is the highest common divisor of 20 and 1400?
20
What is the highest common divisor of 6180 and 40?
20
Calculate the highest common divisor of 4108 and 208.
52
Calculate the greatest common divisor of 86 and 215.
43
What is the highest common factor of 18 and 1818?
18
Calculate the highest common divisor of 116 and 1740.
116
What is the greatest common factor of 742 and 159?
53
Calculate the greatest common divisor of 575 and 3350.
25
What is the highest common divisor of 30 and 615?
15
What is the highest common divisor of 9 and 315?
9
Calculate the greatest common factor of 98 and 378.
14
What is the greatest common divisor of 3 and 9?
3
What is the highest common divisor of 3496 and 828?
92
What is the highest common factor of 147 and 3479?
49
What is the greatest common divisor of 2030 and 140?
70
What is the highest common divisor of 4371 and 62?
31
Calculate the highest common factor of 14700 and 150.
150
What is the greatest common divisor of 78 and 312?
78
What is the highest common factor of 2673 and 495?
99
What is the greatest common factor of 79 and 2449?
79
What is the highest common divisor of 38 and 38?
38
Calculate the greatest common factor of 620 and 140.
20
What is the highest common factor of 172 and 68?
4
What is the greatest common divisor of 513 and 627?
57
What is the greatest common factor of 60 and 1230?
30
Calculate the highest common factor of 1950 and 78.
78
What is the greatest common divisor of 352 and 264?
88
Calculate the greatest common divisor of 3165 and 120.
15
Calculate the greatest common factor of 162 and 196.
2
What is the highest common divisor of 70 and 160?
10
What is the highest common divisor of 8 and 20?
4
What is the highest common divisor of 168 and 1456?
56
Calculate the greatest common factor of 370 and 30.
10
What is the highest common divisor of 13 and 1703?
13
What is the highest common divisor of 1891 and 31?
31
What is the greatest common factor of 781 and 11?
11
What is the highest common factor of 130 and 3?
1
What is the highest common factor of 60 and 975?
15
Calculate the highest common factor of 486 and 378.
54
What is the highest common factor of 324 and 28?
4
Calculate the highest common divisor of 4482 and 270.
54
What is the greatest common factor of 22 and 99?
11
What is the highest common factor of 58 and 24737?
29
Calculate the highest common factor of 12984 and 48.
24
What is the greatest common divisor of 9 and 2304?
9
What is the highest common divisor of 48 and 276?
12
What is the greatest common factor of 108 and 45252?
108
Calculate the greatest common factor of 53 and 1537.
53
Calculate the greatest common factor of 186 and 62.
62
What is the greatest common factor of 660 and 24?
12
Calculate the greatest common factor of 16 and 272.
16
Calculate the greatest common divisor of 209 and 19.
19
What is the greatest common factor of 48 and 1392?
48
Calculate the highest common factor of 62679 and 51.
51
What is the greatest common factor of 2 and 25?
1
Calculate the highest common divisor of 639 and 71.
71
What is the greatest common factor of 648 and 96?
24
Calculate the greatest common divisor of 44 and 2618.
22
Calculate the greatest common divisor of 376 and 8.
8
What is the greatest common factor of 20 and 740?
20
What is the greatest common divisor of 90 and 25?
5
Calculate the greatest common factor of 5104 and 58.
58
What is the highest common divisor of 45 and 23445?
45
What is the highest common divisor of 90 and 26010?
90
Calculate the highest common factor of 80 and 272.
16
What is the highest common divisor of 12426 and 57?
57
What is the highest common divisor of 125 and 75?
25
Calculate the greatest common divisor of 33 and 1727.
11
What is the highest common factor of 3500 and 280?
140
What is the highest common divisor of 93 and 11811?
93
What is the greatest common divisor of 5122 and 26?
26
What is the highest common factor of 63 and 693?
63
What is the highest common factor of 12435 and 60?
15
What is the highest common factor of 2780 and 20?
20
What is the highest common divisor of 1876 and 1148?
28
What is the greatest common divisor of 686 and 2450?
98
What is the greatest common divisor of 6640 and 60?
20
Calculate the greatest common factor of 427 and 56.
7
What is the highest common divisor of 423 and 27?
9
What is the greatest common divisor of 20937 and 21?
21
Calculate the highest common divisor of 5584 and 16.
16
Calculate the highest common factor of 18 and 981.
9
What is the greatest common factor of 10125 and 125?
125
Calculate the highest common factor of 28 and 13258.
14
Calculate the greatest common factor of 16 and 504.
8
What is the greatest common factor of 4 and 108?
4
Calculate the highest common factor of 87 and 435.
87
Calculate the highest common factor of 77 and 10549.
77
Calculate the highest common factor of 24 and 1143.
3
Calculate the greatest common factor of 1360 and 5100.
340
What is the greatest common divisor of 6 and 30?
6
Calculate the greatest common factor of 15 and 6.
3
Calculate the greatest common divisor of 98 and 56.
14
Calculate the greatest common divisor of 24 and 5232.
24
Calculate the highest common divisor of 574 and 7.
7
What is the highest common divisor of 53 and 13674?
53
Calculate the greatest common factor of 5134 and 34.
34
What is the highest common divisor of 45 and 1515?
15
What is the highest common divisor of 6004 and 76?
76
What is the highest common factor of 2 and 20546?
2
What is the highest common divisor of 200 and 80?
40
What is the greatest common factor of 2581 and 58?
29
What is the highest common factor of 13 and 1625?
13
What is the greatest common divisor of 22 and 29942?
22
What is the greatest common divisor of 154 and 28?
14
Calculate the highest common divisor of 8816 and 29.
29
What is the highest common factor of 362 and 2?
2
What is the greatest common divisor of 35791 and 7?
7
What is the greatest common factor of 135 and 54?
27
What is the highest common factor of 711 and 9?
9
Calculate the greatest common divisor of 49 and 245.
49
Calculate the highest common divisor of 15285 and 15.
15
What is the greatest common factor of 155 and 4867?
31
What is the greatest common divisor of 97 and 582?
97
Calculate the greatest common divisor of 37 and 28897.
37
Calculate the greatest common divisor of 6015 and 30.
15
What is the greatest common divisor of 366 and 6?
6
Calculate the greatest common divisor of 120 and 465.
15
Calculate the highest common divisor of 169 and 91.
13
Calculate the highest common divisor of 145 and 232.
29
What is the highest common factor of 90 and 30?
30
Calculate the highest common divisor of 48 and 48.
48
What is the greatest common divisor of 34 and 170?
34
Calculate the greatest common factor of 138 and 18.
6
What is the highest common factor of 1480 and 10?
10
What is the greatest common divisor of 720 and 45?
45
Calculate the highest common factor of 102 and 17.
17
Calculate the highest common divisor of 85 and 4012.
17
Calculate the highest common divisor of 20 and 825.
5
Calculate the highest common factor of 2847 and 117.
39
What is the greatest common divisor of 343 and 28?
7
Calculate the greatest common divisor of 558 and 372.
186
What is the highest common factor of 9432 and 288?
72
Calculate the greatest common factor of 815 and 3097.
163
Calculate the greatest common divisor of 5 and 710.
5
What is the greatest common divisor of 28 and 2324?
28
What is the greatest common factor of 296 and 24?
8
What is the highest common factor of 1387 and 19?
19
What is the highest common divisor of 19 and 9196?
19
What is the greatest common divisor of 259 and 9990?
37
Calculate the highest common divisor of 16992 and 4.
4
Calculate the highest common factor of 297 and 363.
33
Calculate the highest common divisor of 15 and 5.
5
Calculate the greatest common divisor of 13 and 1963.
13
What is the greatest common divisor of 180 and 40?
20
What is the greatest common factor of 740 and 32?
4
What is the greatest common factor of 7